 is -600 (base 15) in base 16?
-546
-101014 (base 5) to base 9
-4421
What is -302323 (base 4) in base 12?
-1a77
Convert -1001000101 (base 2) to base 10.
-581
101001000010 (base 2) to base 13
1270
-23043 (base 8) to base 5
-303023
What is 1232 (base 7) in base 3?
122012
-17a (base 15) to base 2
-101010100
What is 50 (base 10) in base 14?
38
-1a9 (base 14) to base 8
-531
What is 2012020 (base 3) in base 9?
2166
1124 (base 8) to base 6
2432
What is 1244143 (base 5) in base 14?
9123
1111111111010001 (base 2) to base 13
23a68
1053 (base 7) to base 9
463
74 (base 13) to base 6
235
What is -3564 (base 7) in base 6?
-10040
What is 103220 (base 5) in base 8?
6750
What is 34691 (base 10) in base 3?
1202120212
Convert -1030 (base 4) to base 7.
-136
What is 1c7 (base 16) in base 2?
111000111
Convert -74 (base 16) to base 14.
-84
Convert -102002 (base 3) to base 9.
-362
Convert 1322 (base 5) to base 11.
183
What is -10013 (base 6) in base 14?
-693
What is 1101011011000 (base 2) in base 4?
1223120
Convert 603 (base 16) to base 8.
3003
What is 7232 (base 9) in base 5?
132134
Convert 2943 (base 11) to base 2.
111011010110
Convert -3149 (base 10) to base 9.
-4278
What is -78a (base 13) in base 4?
-110101
What is -15 (base 8) in base 14?
-d
What is 1d85 (base 15) in base 14?
24ad
Convert 1323 (base 13) to base 9.
3666
What is 247ba (base 12) in base 13?
19714
-62534 (base 8) to base 16
-655c
Convert 112020202 (base 3) to base 5.
313023
Convert -575a (base 15) to base 16.
-4867
3286 (base 12) to base 3
21122110
Convert -31023 (base 6) to base 14.
-1703
4142 (base 5) to base 12
397
What is 41635 (base 9) in base 8?
65543
What is -326 (base 16) in base 11?
-673
-101110111110 (base 2) to base 11
-2293
-25864 (base 9) to base 6
-212521
Convert 11510 (base 9) to base 11.
5874
Convert -a0b2 (base 12) to base 14.
-64bc
7470 (base 9) to base 14
2002
What is -11810 (base 9) in base 16?
-1f0b
-11200200 (base 3) to base 9
-4620
What is -47654 (base 9) in base 6?
-403334
-4433 (base 13) to base 11
-7162
Convert -113 (base 7) to base 5.
-214
-314214 (base 5) to base 6
-120515
-3566 (base 8) to base 15
-875
Convert -102122 (base 4) to base 9.
-1548
-4a8b (base 16) to base 14
-6d51
2354 (base 9) to base 12
101a
What is 1310 (base 10) in base 4?
110132
Convert 8531 (base 13) to base 5.
1042321
What is -9bd (base 14) in base 5?
-30211
Convert 102011000 (base 3) to base 4.
1332333
What is -11111110110 (base 2) in base 11?
-1593
Convert 21521 (base 6) to base 12.
18a1
What is 51331 (base 10) in base 5?
3120311
What is -10121111112 (base 3) in base 12?
-35172
Convert 271 (base 12) to base 7.
1042
What is 3220021 (base 4) in base 3?
202101021
What is 6c87 (base 15) in base 11?
1637a
What is -4cc2 (base 14) in base 4?
-3102322
What is 2d3 (base 14) in base 16?
241
What is -45d (base 15) in base 12?
-6a4
What is -110010010 (base 2) in base 16?
-192
What is 6643 (base 7) in base 13?
1114
What is -3215 (base 6) in base 15?
-33b
What is 3414403 (base 5) in base 7?
341454
-8a0 (base 13) to base 7
-4215
-2 (base 10) to base 9
-2
Convert -354c (base 13) to base 5.
-220000
What is a0e5 (base 16) in base 6?
514405
Convert -2623 (base 10) to base 12.
-1627
What is -13013 (base 4) in base 7?
-1220
What is 1392 (base 10) in base 7?
4026
Convert 451045 (base 6) to base 16.
93c5
What is 205c (base 13) in base 7?
16015
-1003112 (base 4) to base 9
-5818
Convert -7626 (base 9) to base 12.
-32b9
What is 4a99 (base 15) in base 5?
1002034
511 (base 10) to base 11
425
2327 (base 8) to base 3
1200220
-37 (base 8) to base 14
-23
Convert -110225 (base 6) to base 5.
-243121
What is 34413 (base 5) in base 11?
1958
Convert 4803 (base 12) to base 8.
17603
20213 (base 4) to base 13
335
What is 4dd (base 16) in base 11?
a32
9241 (base 14) to base 16
6239
Convert -2222220 (base 3) to base 16.
-888
What is -1223321 (base 4) in base 14?
-2733
What is 10103301 (base 4) in base 13?
8058
What is -11876 (base 12) in base 7?
-126054
-11406 (base 10) to base 8
-26216
What is -13783 (base 10) in base 5?
-420113
What is -2110 (base 6) in base 3?
-122120
5 (base 14) to base 11
5
Convert -1102112122 (base 3) to base 9.
-42478
Convert 243 (base 11) to base 2.
100100001
-7da2 (base 15) to base 7
-140564
-3322 (base 5) to base 2
-111001110
121233 (base 6) to base 7
43062
Convert -407 (base 9) to base 8.
-513
What is 311134 (base 5) in base 9?
14848
What is 1316 (base 12) in base 13?
cb7
What is -15255 (base 6) in base 2?
-100110110011
Convert -7024 (base 9) to base 16.
-1405
Convert 224 (base 14) to base 16.
1a8
-3067 (base 10) to base 4
-233323
What is -23221 (base 4) in base 3?
-1000121
Convert -3111003 (base 4) to base 13.
-628b
Convert 12969 (base 11) to base 2.
100100000100011
What is -706 (base 16) in base 9?
-2417
-2225 (base 8) to base 12
-819
Convert -214334 (base 6) to base 3.
-220110211
-884 (base 15) to base 14
-9b6
What is -6a5 (base 12) in base 5?
-12424
-1733 (base 12) to base 11
-20a3
Convert 1174 (base 8) to base 11.
529
Convert 6280 (base 14) to base 3.
212021110
What is 21525 (base 7) in base 2?
1010100100001
-322 (base 4) to base 11
-53
What is -9823 (base 11) in base 12?
-7610
Convert -201012222 (base 3) to base 4.
-3122330
Convert -12122222 (base 3) to base 16.
-1022
Convert 52d6 (base 16) to base 5.
1134311
Convert -7a (base 11) to base 8.
-127
What is -11011 (base 11) in base 13?
-7377
-4369 (base 10) to base 5
-114434
What is 1a557 (base 11) in base 5?
1403433
Convert 6612 (base 7) to base 14.
c09
3203 (base 4) to base 14
123
302322 (base 4) to base 16
cba
What is 9279 (base 10) in base 3?
110201200
Convert -101324 (base 5) to base 2.
-110100001011
262046 (base 7) to base 9
73765
-712 (base 15) to base 13
-956
Convert -7155 (base 8) to base 2.
-111001101101
Convert 332112 (base 4) to base 13.
1a7c
What is -82 (base 9) in base 8?
-112
5c (base 15) to base 8
127
What is 212566 (base 7) in base 10?
36994
What is -298 (base 13) in base 3?
-122011
What is -19a29 (base 12) in base 5?
-2202021
6006 (base 10) to base 16
1776
15501 (base 6) to base 7
10312
8cb (base 14) to base 9
2351
111212 (base 6) to base 10
9368
-65a (base 11) to base 6
-3355
Convert -21f0 (base 16) to base 15.
-2893
Convert 19230 (base 10) to base 2.
100101100011110
-2264 (base 13) to base 3
-20121022
What is -20425 (base 8) in base 3?
-102121200
Convert -2731 (base 9) to base 4.
-200011
Convert 1115 (base 14) to base 5.
43314
What is 1000 (base 6) in base 12?
160
-297 (base 12) to base 3
-112221
3a55 (base 13) to base 10
8351
Convert 10203 (base 4) to base 3.
101210
Convert -1cea (base 15) to base 12.
-3787
What is 1010312 (base 4) in base 8?
10466
What is 2040 (base 7) in base 2?
1011001010
Convert 34105 (base 6) to base 7.
16655
Convert 2413 (base 5) to base 11.
2a6
Convert 211 (base 6) to base 4.
1033
Convert -402 (base 6) to base 15.
-9b
3447 (base 8) to base 14
94b
Convert 3042331 (base 5) to base 6.
1022100
-218 (base 11) to base 4
-10011
What is -640 (base 8) in base 10?
-416
-2512 (base 9) to base 15
-84e
What is -731 (base 15) in base 4?
-121111
10102012 (base 3) to base 5
34424
What is -3798 (base 16) in base 7?
-56331
Convert 14868 (base 11) to base 15.
6357
-1d7 (base 15) to base 10
-427
What is 132 (base 9) in base 14?
7c
Convert 2bc1 (base 14) to base 9.
11641
-412445 (base 6) to base 7
-165140
What is -503 (base 10) in base 3?
-200122
What is -311 (base 5) in base 11?
-74
-15a6a (base 12) to base 11
-2123a
What is 3146 (base 15) in base 14?
3b20
Convert 62b5 (base 14) to base 15.
5095
What is -176b (base 12) in base 15?
-c7e
a8 (base 13) to base 11
116
What is -2775 (base 9) in base 5?
-31333
Convert 74 (base 10) to base 7.
134
What is 341 (base 6) in base 15?
8d
-4758 (base 10) to base 9
-6466
What is -1100101011 (base 2) in base 14?
-41d
-103103 (base 4) to base 16
-4d3
What is 102000 (base 3) in base 4?
10221
What is 556 (base 9) in base 10?
456
113230 (base 6) to base 8
23122
What is 10130 (base 4) in base 12?
1b8
What is 43453 (base 6) in base 4?
1131321
What is -24740 (base 9) in base 11?
-11559
220232 (base 4) to base 9
3515
Convert 270b2 (base 12) to base 3.
2201122222
-1001011111010 (base 2) to base 13
-2299
What is -1c9 (base 14) in base 4?
-11311
Convert -120 (base 4) to base 13.
-1b
Convert 4353 (base 13) to 